 Calculate l(8).
-21
Let d(n) = -4*n**2 + 11*n + 1. Determine d(3).
-2
Let b(k) = 3*k**3 - 7*k**2 - 31*k. Determine b(5).
45
Let a(c) = -c**2 - 120*c - 566. What is a(-5)?
9
Let q(i) = i**3 - 36*i**2 + 278*i + 2. Determine q(11).
35
Let b(u) = 70*u**3 + 1050*u**2 + 6*u + 91. Determine b(-15).
1
Let g(s) = -2*s**3 - 10*s**2 + 31*s + 12. Give g(-7).
-9
Let d(x) = -x**3 - 12*x**2 - 38*x - 179. Calculate d(-10).
1
Let h(s) = 13*s**2 + 161*s - 159. Calculate h(1).
15
Let b(y) = -1165*y + 9340. Determine b(8).
20
Let n(a) = -13*a**2 - 118*a - 106. Calculate n(-8).
6
Let z(w) = -636*w + 3882. Give z(6).
66
Let w(i) = 73*i - 332. What is w(6)?
106
Let n(f) = -7*f + 154. Give n(10).
84
Let p(k) = -k**3 - 38*k**2 - 46*k - 15. Calculate p(-37).
318
Let u(j) = 132*j + 1450. Determine u(-11).
-2
Let z(n) = 11*n**2 + 109*n - 125. Calculate z(-11).
7
Let x(d) = 4*d**2 - 11*d + 30. Determine x(4).
50
Let r(t) = -t**2 + 397*t - 36001. Give r(140).
-21
Let s(l) = -l**2 - 41*l + 1143. Determine s(-60).
3
Let v(n) = -n**3 - 13*n**2 + 9*n + 3. Calculate v(-6).
-303
Let k(r) = r**3 + 133*r - 265. Determine k(2).
9
Let g(o) = 9*o + 38. Give g(-1).
29
Let c(k) = k**2 + 11*k - 27. Give c(2).
-1
Let q(y) = 84*y - 543. Calculate q(6).
-39
Let d(y) = y**2 + 27*y + 1. Calculate d(-10).
-169
Let z(g) = 2*g**2 + 7*g + 63. What is z(-6)?
93
Let y(a) = -a**3 - 18*a**2 + 5*a + 76. Calculate y(-18).
-14
Let j(w) = -w**3 - 40*w**2 + 41*w - 57. Give j(-41).
-57
Let p(f) = -f**3 + 19*f**2 + 26*f - 805. Calculate p(18).
-13
Let i(u) = -6*u**3 - 50*u**2 - 15*u - 5. Give i(-8).
-13
Let a(p) = 3*p**2 - 195*p + 2035. Determine a(52).
7
Let a(m) = -m**3 - 27*m**2 - 121*m + 18. Determine a(-5).
73
Let r(t) = -9*t**2 + 935*t + 97. Give r(104).
-7
Let o(c) = 15*c + 30. Determine o(2).
60
Let v(o) = -o**3 - 12*o**2 + 43*o + 14. Calculate v(-15).
44
Let i(b) = 2*b**3 + 35*b**2 - 54*b + 85. What is i(-19)?
28
Let k(g) = 211*g**3 + 2*g**2 - g. Calculate k(1).
212
Let w(y) = 31*y - 686. Determine w(22).
-4
Let d(i) = i**2 - 1148*i - 41411. Calculate d(-35).
-6
Let y(q) = 339*q + 3045. Give y(-9).
-6
Let d(g) = 7*g**2 - 510*g + 16. Give d(73).
89
Let u(f) = -3*f**2 - 51*f + 27. Calculate u(-17).
27
Let l(a) = 10*a**3 - a**2 + 6*a - 16. Give l(3).
263
Let u(f) = -f**3 + 3*f**2 - 3*f - 31. Calculate u(0).
-31
Let s(q) = 14*q**3 + 2*q**2 + 3*q + 3. Determine s(-2).
-107
Let s(h) = 32*h + 50. Determine s(9).
338
Let i(w) = -44*w - 52. Determine i(-4).
124
Let f(b) = -10*b**2 + 1202*b - 283. What is f(120)?
-43
Let u(p) = -43*p - 216. Determine u(-6).
42
Let a(i) = -6*i**2 + 66*i - 20. Determine a(11).
-20
Let v(l) = 3*l**3 - 244*l**2 + 322*l - 335. What is v(80)?
-175
Let a(z) = 610*z - 3687. Determine a(6).
-27
Let x(h) = -47*h - 605. Determine x(-13).
6
Let q(i) = -5*i**3 + 134*i**2 + 21*i + 166. Determine q(27).
4
Let d(k) = 14*k**3 - 2*k**2 - 13*k - 9. Determine d(-2).
-103
Let f(k) = -950*k - 3791. Determine f(-4).
9
Let b(x) = -x**2 - 73*x + 5094. Give b(43).
106
Let k(m) = 12*m - 405. Determine k(27).
-81
Let v(o) = 7*o + 278. Determine v(-43).
-23
Let m(u) = 2*u**3 - 6*u**2 - 13*u - 1. Give m(6).
137
Let z(o) = o**2 + 6*o - 4. Calculate z(1).
3
Let l(x) = -15*x - 259. Determine l(-18).
11
Let w(z) = 2*z**3 + 12*z**2 - 1038*z + 41. Give w(-26).
-11
Let z(c) = -36*c + 1295. Give z(36).
-1
Let r(x) = -258*x + 3574. Give r(14).
-38
Let s(p) = 34*p + 331. Give s(-12).
-77
Let x(u) = -4*u**2 - 183*u - 2103. What is x(-23)?
-10
Let p(d) = -3*d**3 + 2*d**2 + 11*d + 16. What is p(3)?
-14
Let x(t) = -14*t**2 - 2*t + 40. Give x(0).
40
Let q(c) = -41*c + 2015. Determine q(52).
-117
Let x(h) = h**3 - 2*h**2 - 94*h - 61. Calculate x(11).
-6
Let a(y) = -3*y**2 - 29*y + 98. Determine a(-13).
-32
Let h(v) = -8*v**3 + 53*v**2 + 23*v - 12. Calculate h(7).
2
Let h(j) = j**2 - 55*j + 623. Give h(12).
107
Let z(y) = -6*y**3 - 10*y**2 + 20*y + 87. Determine z(-3).
99
Let t(o) = 13*o + 959. Calculate t(-74).
-3
Let q(g) = 6839*g**2 - 47868*g - 38. What is q(7)?
-3
Let b(j) = 4*j**2 - 171*j + 232. Determine b(42).
106
Let f(d) = -1079*d - 17217. Calculate f(-16).
47
Let l(m) = m**2 - 17*m - 13. Calculate l(27).
257
Let p(u) = -u**2 - 77*u - 978. Calculate p(-60).
42
Let n(k) = k**3 - 3*k**2 - 2*k - 37. Determine n(5).
3
Let a(i) = i**2 + 665*i + 8459. Give a(-13).
-17
Let n(r) = -78*r + 1077. What is n(13)?
63
Let x(v) = 12*v**2 + 10*v - 15. What is x(-2)?
13
Let p(f) = 141*f**3 + 2*f**2 + 2*f - 3. Calculate p(1).
142
Let w(q) = -q**3 - 22*q**2 - 19*q + 9. Determine w(-21).
-33
Let n(x) = -x**3 + 9*x**2 + 8*x - 159. Give n(7).
-5
Let u(v) = v**2 - 32*v + 174. What is u(14)?
-78
Let z(y) = y**3 - 2*y**2 - 28*y - 2. Calculate z(10).
518
Let y(h) = 1358*h - 21725. Give y(16).
3
Let z(u) = -6*u**2 - 173*u + 23. What is z(-29)?
-6
Let w(v) = -51*v**2 + 243*v + 254. Calculate w(-1).
-40
Let g(p) = p**3 - 4*p**2 + 3*p - 6. What is g(3)?
-6
Let l(p) = 893*p + 98230. What is l(-110)?
0
Let k(y) = y**3 + 3074*y**2 + 61080*y + 6. What is k(-20)?
6
Let r(v) = -7*v**2 + 50*v - 15. Calculate r(7).
-8
Let p(m) = 7*m**3 - 80*m**2 + 189*m - 892. Give p(10).
-2
Let t(z) = 28*z - 4. Give t(0).
-4
Let x(h) = -1443*h - 5777. Give x(-4).
-5
Let q(x) = -2*x**3 + 32*x**2 - 4*x + 57. What is q(16)?
-7
Let v(r) = 3*r**3 - 104*r**2 - 37*r + 86. Calculate v(35).
16
Let x(a) = -223*a + 668. What is x(3)?
-1
Let c(x) = 431*x**3 + x**2 + 10*x + 8. Determine c(-1).
-432
Let k(h) = 28*h + 3397. What is k(-120)?
37
Let j(t) = -t**2 + 29*t - 136. Give j(7).
18
Let w(v) = -2*v**3 + 32*v**2 + 17*v - 138. What is w(16)?
134
Let t(l) = 399*l + 1983. Give t(-5).
-12
Let s(y) = -y**2 + 11142*y - 22277. Give s(2).
3
Let z(p) = -4*p + 221. Give z(11).
177
Let k(r) = -2*r**3 + 3*r + 95. Give k(0).
95
Let k(b) = b + 35. What is k(-16)?
19
Let d(m) = m**3 - 17*m**2 - 23*m - 175. Determine d(19).
110
Let l(q) = 2*q**2 - 434*q + 23290. Give l(120).
10
Let k(w) = w**3 - 85*w**2 + 160*w + 331. Calculate k(83).
-167
Let f(t) = -2*t**3 - 14*t**2 - 17*t - 5. Give f(-3).
-26
Let z(b) = b**3 - b**2 + 22*b - 58. Calculate z(3).
26
Let f(r) = -7*r + 450. Calculate f(69).
-33
Let c(u) = -4277*u + 115476. Calculate c(27).
-3
Let z(b) = b**3 - 19*b**2 + 22*b - 15. Calculate z(18).
57
Let a(k) = -948*k - 30357. Give a(-32).
-21
Let p(d) = -283*d**3 - 2*d - 1. Determine p(-1).
284
Let q(f) = -f**3 + 52*f**2 + 926*f + 28. Calculate q(-14).
0
Let d(i) = i**2 - 22*i - 603. Calculate d(-16).
5
Let u(i) = -i**2 - 424*i - 5027. Determine u(-12).
-83
Let s(n) = -16*n + 1447. Determine s(36).
871
Let n(d) = 150*d - 784. Give n(6).
116
Let k(g) = g**3 - 8*g**2 - 24*g + 63. Determine k(8).
-129
Let v(u) = -22*u + 347. What is v(14)?
39
Let a(n) = 3*n**3 - n + 13. Calculate a(-4).
-175
Let m(q) = 2059*q - 26778. Determine m(13).
-11
Let u(x) = -11*x**2 + 140*x + 36. Calculate u(13).
-3
Let y(c) = c**3 - 7*c**2 - 19*c + 133. Calculate y(6).
-17
Let i(j) = -3055*j + 24443. Give i(8).
3
Let d(p) = 25*p**2 + 69*p + 218. What is d(-3)?
236
Let k(l) = -28*l - 144. Determine k(-5).
-4
Let p(r) = -501*r - 81180. Calculate p(-162).
-18
Let m(t) = -64*t - 902. What is m(-14)?
-6
Let w(t) = -t**2 - 14*t - 32. What is w(-9)?
13
Let q(k) = -3*k**2 - 18*k - 75. What is q(-11)?
-240
Let y(u) = -4*u**2 + 12*u - 15. Give y(9).
-231
Let f(a) = -2*a**3 + 107*a**2 + 52*a + 258. What is f(54)?
150
Let x(d) = 78*d + 866. What is x(-11)?
8
Let t(d) = -3*d + 18. Calculate t(10).
-12
Let c(h) = -219*h**2 - 5*h + 4. Determine c(1).
-220
Let z(q) = q**3 + 7*q**2 + 14*q + 14. What is z(-4)?
6
Let i(o) = 597*o**3 - o**2 - 2*o - 2. Calculate i(-1).
-598
Let l(u) = 4*u + 80. Calculate l(22).
168
Let w(m) = -21*m - 919. Determine w(-42).
-37
Let q(u) = -7*u**2 + 177*u - 360. What is q(23)?
8
Let n(x) = 29*x + 240. Calculate n(-6).
66
Let w(d) = -25*d + 216. Determine w(8).
16
Let t(k) = 7*k**2 + 237*k - 272. Determine t(-35).
8
Let j(l) = -3*l**3 + 82*l**2 + 22*l - 1309. Give j(27).
14
Let k(i) = -6*i**2 + 98*i - 29. What is k(16)?
3
Let w(n) = n**2 - 17*n + 48. Give w(12).
-12
Let x(q) = 89*q + 13889. Determine x(-156).
5
Let x(c) = -c**3 + 23*c**2 + 20*c + 58. Determine x(24).
-38
Let w(l) = l**3 - 20*l**2 + l + 19. Determine w(20).
39
Let o(c) = 52*c + 2028. Calculate o(-38).
52
Let s(l) = -23*l**2 - 6*l + 53. 